[INFO] cloning repository https://github.com/loyd/comparison-of-maps
[INFO] running `Command { std: "git" "-c" "credential.helper=" "-c" "credential.helper=/workspace/cargo-home/bin/git-credential-null" "clone" "--bare" "https://github.com/loyd/comparison-of-maps" "/workspace/cache/git-repos/https%3A%2F%2Fgithub.com%2Floyd%2Fcomparison-of-maps", kill_on_drop: false }`
[INFO] [stderr] Cloning into bare repository '/workspace/cache/git-repos/https%3A%2F%2Fgithub.com%2Floyd%2Fcomparison-of-maps'...
[INFO] running `Command { std: "git" "rev-parse" "HEAD", kill_on_drop: false }`
[INFO] [stdout] d77539645ff0eea742c88434568c9bb1ac0dff12
[INFO] checking loyd/comparison-of-maps against master#af3c6e733a40e671550e0f0f5aeecaa13772ba56 for pr-74989
[INFO] running `Command { std: "git" "clone" "/workspace/cache/git-repos/https%3A%2F%2Fgithub.com%2Floyd%2Fcomparison-of-maps" "/workspace/builds/worker-13/source", kill_on_drop: false }`
[INFO] [stderr] Cloning into '/workspace/builds/worker-13/source'...
[INFO] [stderr] done.
[INFO] [stderr] Checking out files:  71% (2513/3512)   
Checking out files:  72% (2529/3512)   
Checking out files:  73% (2564/3512)   
Checking out files:  74% (2599/3512)   
Checking out files:  75% (2634/3512)   
Checking out files:  76% (2670/3512)   
Checking out files:  77% (2705/3512)   
Checking out files:  78% (2740/3512)   
Checking out files:  79% (2775/3512)   
Checking out files:  80% (2810/3512)   
Checking out files:  81% (2845/3512)   
Checking out files:  82% (2880/3512)   
Checking out files:  83% (2915/3512)   
Checking out files:  84% (2951/3512)   
Checking out files:  85% (2986/3512)   
Checking out files:  86% (3021/3512)   
Checking out files:  87% (3056/3512)   
Checking out files:  88% (3091/3512)   
Checking out files:  89% (3126/3512)   
Checking out files:  90% (3161/3512)   
Checking out files:  91% (3196/3512)   
Checking out files:  92% (3232/3512)   
Checking out files:  93% (3267/3512)   
Checking out files:  94% (3302/3512)   
Checking out files:  95% (3337/3512)   
Checking out files:  96% (3372/3512)   
Checking out files:  97% (3407/3512)   
Checking out files:  98% (3442/3512)   
Checking out files:  99% (3477/3512)   
Checking out files: 100% (3512/3512)   
Checking out files: 100% (3512/3512), done.
[INFO] validating manifest of git repo https://github.com/loyd/comparison-of-maps on toolchain af3c6e733a40e671550e0f0f5aeecaa13772ba56
[INFO] running `Command { std: "/workspace/cargo-home/bin/cargo" "+af3c6e733a40e671550e0f0f5aeecaa13772ba56" "read-manifest" "--manifest-path" "Cargo.toml", kill_on_drop: false }`
[INFO] started tweaking git repo https://github.com/loyd/comparison-of-maps
[INFO] finished tweaking git repo https://github.com/loyd/comparison-of-maps
[INFO] tweaked toml for git repo https://github.com/loyd/comparison-of-maps written to /workspace/builds/worker-13/source/Cargo.toml
[INFO] crate git repo https://github.com/loyd/comparison-of-maps already has a lockfile, it will not be regenerated
[INFO] running `Command { std: "/workspace/cargo-home/bin/cargo" "+af3c6e733a40e671550e0f0f5aeecaa13772ba56" "fetch" "--locked" "--manifest-path" "Cargo.toml", kill_on_drop: false }`
[INFO] running `Command { std: "docker" "create" "-v" "/var/lib/crater-agent-workspace/builds/worker-13/target:/opt/rustwide/target:rw,Z" "-v" "/var/lib/crater-agent-workspace/builds/worker-13/source:/opt/rustwide/workdir:ro,Z" "-v" "/var/lib/crater-agent-workspace/cargo-home:/opt/rustwide/cargo-home:ro,Z" "-v" "/var/lib/crater-agent-workspace/rustup-home:/opt/rustwide/rustup-home:ro,Z" "-e" "SOURCE_DIR=/opt/rustwide/workdir" "-e" "CARGO_TARGET_DIR=/opt/rustwide/target" "-e" "CARGO_HOME=/opt/rustwide/cargo-home" "-e" "RUSTUP_HOME=/opt/rustwide/rustup-home" "-w" "/opt/rustwide/workdir" "-m" "1610612736" "--user" "0:0" "--network" "none" "rustops/crates-build-env@sha256:d92eaeed33fa75130ca1ee6c8a01d1ffb62bac859dfdfb3450e3e5d1c0146529" "/opt/rustwide/cargo-home/bin/cargo" "+af3c6e733a40e671550e0f0f5aeecaa13772ba56" "metadata" "--no-deps" "--format-version=1", kill_on_drop: false }`
[INFO] [stdout] 58cf378dc075e63f1117866372732e516702873715971730d8f94258e81c6225
[INFO] [stderr] WARNING: Your kernel does not support swap limit capabilities or the cgroup is not mounted. Memory limited without swap.
[INFO] running `Command { std: "docker" "start" "-a" "58cf378dc075e63f1117866372732e516702873715971730d8f94258e81c6225", kill_on_drop: false }`
[INFO] running `Command { std: "docker" "inspect" "58cf378dc075e63f1117866372732e516702873715971730d8f94258e81c6225", kill_on_drop: false }`
[INFO] running `Command { std: "docker" "rm" "-f" "58cf378dc075e63f1117866372732e516702873715971730d8f94258e81c6225", kill_on_drop: false }`
[INFO] [stdout] 58cf378dc075e63f1117866372732e516702873715971730d8f94258e81c6225
[INFO] running `Command { std: "docker" "create" "-v" "/var/lib/crater-agent-workspace/builds/worker-13/target:/opt/rustwide/target:rw,Z" "-v" "/var/lib/crater-agent-workspace/builds/worker-13/source:/opt/rustwide/workdir:ro,Z" "-v" "/var/lib/crater-agent-workspace/cargo-home:/opt/rustwide/cargo-home:ro,Z" "-v" "/var/lib/crater-agent-workspace/rustup-home:/opt/rustwide/rustup-home:ro,Z" "-e" "SOURCE_DIR=/opt/rustwide/workdir" "-e" "CARGO_TARGET_DIR=/opt/rustwide/target" "-e" "CARGO_INCREMENTAL=0" "-e" "RUST_BACKTRACE=full" "-e" "RUSTFLAGS=--cap-lints=forbid" "-e" "CARGO_HOME=/opt/rustwide/cargo-home" "-e" "RUSTUP_HOME=/opt/rustwide/rustup-home" "-w" "/opt/rustwide/workdir" "-m" "1610612736" "--user" "0:0" "--network" "none" "rustops/crates-build-env@sha256:d92eaeed33fa75130ca1ee6c8a01d1ffb62bac859dfdfb3450e3e5d1c0146529" "/opt/rustwide/cargo-home/bin/cargo" "+af3c6e733a40e671550e0f0f5aeecaa13772ba56" "check" "--frozen" "--all" "--all-targets" "--message-format=json", kill_on_drop: false }`
[INFO] [stdout] 9fe912821c2d3b7e7ba79bfabfa491c9f6b64ec16f58b2a70e9e6300d4c51e3a
[INFO] [stderr] WARNING: Your kernel does not support swap limit capabilities or the cgroup is not mounted. Memory limited without swap.
[INFO] running `Command { std: "docker" "start" "-a" "9fe912821c2d3b7e7ba79bfabfa491c9f6b64ec16f58b2a70e9e6300d4c51e3a", kill_on_drop: false }`
[INFO] [stderr]    Compiling serde v1.0.104
[INFO] [stderr]    Compiling syn v1.0.16
[INFO] [stderr]    Compiling packed_simd v0.3.3
[INFO] [stderr]     Checking regex-syntax v0.6.16
[INFO] [stderr]     Checking oorandom v11.1.0
[INFO] [stderr]     Checking regex-automata v0.1.9
[INFO] [stderr]     Checking fxhash v0.2.1
[INFO] [stderr]    Compiling proc-macro2 v1.0.9
[INFO] [stderr]     Checking plotters v0.2.12
[INFO] [stderr]    Compiling memoffset v0.5.3
[INFO] [stderr]    Compiling cast v0.2.3
[INFO] [stderr]     Checking csv-core v0.1.10
[INFO] [stderr]     Checking num_cpus v1.12.0
[INFO] [stderr]     Checking clap v2.33.0
[INFO] [stderr]     Checking atty v0.2.14
[INFO] [stderr]     Checking crossbeam-epoch v0.8.2
[INFO] [stderr]     Checking criterion-plot v0.4.1
[INFO] [stderr]    Compiling quote v1.0.3
[INFO] [stderr]     Checking crossbeam-deque v0.7.3
[INFO] [stderr]     Checking rayon-core v1.7.0
[INFO] [stderr]     Checking regex v1.3.4
[INFO] [stderr]     Checking rayon v1.3.0
[INFO] [stderr]     Checking serde_json v1.0.48
[INFO] [stderr]     Checking bstr v0.2.11
[INFO] [stderr]     Checking csv v1.1.3
[INFO] [stderr]     Checking tinytemplate v1.0.3
[INFO] [stderr]    Compiling serde_derive v1.0.104
[INFO] [stderr]     Checking criterion v0.3.1
[INFO] [stderr]     Checking comparison_of_maps v0.1.0 (/opt/rustwide/workdir)
[INFO] [stdout] error[E0432]: unresolved import `bench_linear_map`
[INFO] [stdout]  --> benches/map.rs:5:5
[INFO] [stdout]   |
[INFO] [stdout] 5 | use bench_linear_map::*;
[INFO] [stdout]   |     ^^^^^^^^^^^^^^^^ use of undeclared type or module `bench_linear_map`
[INFO] [stdout] 
[INFO] [stdout] 
[INFO] [stdout] error[E0405]: cannot find trait `Map` in this scope
[INFO] [stdout]  --> benches/map.rs:7:24
[INFO] [stdout]   |
[INFO] [stdout] 7 | fn fill<V: Default, M: Map<u32, V> + Default>(count: u32) -> M {
[INFO] [stdout]   |                        ^^^ not found in this scope
[INFO] [stdout]   |
[INFO] [stdout] help: consider importing this trait
[INFO] [stdout]   |
[INFO] [stdout] 1 | use comparison_of_maps::Map;
[INFO] [stdout]   |
[INFO] [stdout] 
[INFO] [stdout] 
[INFO] [stdout] error[E0405]: cannot find trait `Map` in this scope
[INFO] [stdout]   --> benches/map.rs:20:8
[INFO] [stdout]    |
[INFO] [stdout] 20 |     M: Map<u32, V> + Default,
[INFO] [stdout]    |        ^^^ not found in this scope
[INFO] [stdout]    |
[INFO] [stdout] help: consider importing this trait
[INFO] [stdout]    |
[INFO] [stdout] 1  | use comparison_of_maps::Map;
[INFO] [stdout]    |
[INFO] [stdout] 
[INFO] [stdout] 
[INFO] [stdout] error[E0412]: cannot find type `LinearMap` in this scope
[INFO] [stdout]   --> benches/map.rs:35:26
[INFO] [stdout]    |
[INFO] [stdout] 35 |             run_one::<V, LinearMap<_, _>>(b, *n)
[INFO] [stdout]    |                          ^^^^^^^^^ not found in this scope
[INFO] [stdout]    |
[INFO] [stdout] help: consider importing this struct
[INFO] [stdout]    |
[INFO] [stdout] 1  | use comparison_of_maps::LinearMap;
[INFO] [stdout]    |
[INFO] [stdout] 
[INFO] [stdout] 
[INFO] [stdout] error[E0412]: cannot find type `BinaryMap` in this scope
[INFO] [stdout]   --> benches/map.rs:38:26
[INFO] [stdout]    |
[INFO] [stdout] 38 |             run_one::<V, BinaryMap<_, _>>(b, *n)
[INFO] [stdout]    |                          ^^^^^^^^^ not found in this scope
[INFO] [stdout]    |
[INFO] [stdout] help: consider importing this struct
[INFO] [stdout]    |
[INFO] [stdout] 1  | use comparison_of_maps::BinaryMap;
[INFO] [stdout]    |
[INFO] [stdout] 
[INFO] [stdout] 
[INFO] [stdout] error[E0412]: cannot find type `KvMap` in this scope
[INFO] [stdout]   --> benches/map.rs:41:26
[INFO] [stdout]    |
[INFO] [stdout] 41 |             run_one::<V, KvMap<_, _>>(b, *n)
[INFO] [stdout]    |                          ^^^^^ not found in this scope
[INFO] [stdout]    |
[INFO] [stdout] help: consider importing this struct
[INFO] [stdout]    |
[INFO] [stdout] 1  | use comparison_of_maps::KvMap;
[INFO] [stdout]    |
[INFO] [stdout] 
[INFO] [stdout] 
[INFO] [stdout] error[E0412]: cannot find type `SimdMap8` in this scope
[INFO] [stdout]   --> benches/map.rs:44:26
[INFO] [stdout]    |
[INFO] [stdout] 44 |             run_one::<V, SimdMap8<_, _>>(b, *n)
[INFO] [stdout]    |                          ^^^^^^^^ not found in this scope
[INFO] [stdout]    |
[INFO] [stdout] help: consider importing this struct
[INFO] [stdout]    |
[INFO] [stdout] 1  | use comparison_of_maps::SimdMap8;
[INFO] [stdout]    |
[INFO] [stdout] 
[INFO] [stdout] 
[INFO] [stdout] error[E0412]: cannot find type `SimdMap16` in this scope
[INFO] [stdout]   --> benches/map.rs:47:26
[INFO] [stdout]    |
[INFO] [stdout] 47 |             run_one::<V, SimdMap16<_, _>>(b, *n)
[INFO] [stdout]    |                          ^^^^^^^^^ not found in this scope
[INFO] [stdout]    |
[INFO] [stdout] help: consider importing this struct
[INFO] [stdout]    |
[INFO] [stdout] 1  | use comparison_of_maps::SimdMap16;
[INFO] [stdout]    |
[INFO] [stdout] 
[INFO] [stdout] 
[INFO] [stdout] error[E0412]: cannot find type `HashMap` in this scope
[INFO] [stdout]   --> benches/map.rs:50:26
[INFO] [stdout]    |
[INFO] [stdout] 50 |             run_one::<V, HashMap<_, _>>(b, *n)
[INFO] [stdout]    |                          ^^^^^^^ not found in this scope
[INFO] [stdout]    |
[INFO] [stdout] help: consider importing one of these items
[INFO] [stdout]    |
[INFO] [stdout] 1  | use comparison_of_maps::HashMap;
[INFO] [stdout]    |
[INFO] [stdout] 1  | use std::collections::HashMap;
[INFO] [stdout]    |
[INFO] [stdout] 
[INFO] [stdout] 
[INFO] [stdout] error[E0412]: cannot find type `BTreeMap` in this scope
[INFO] [stdout]   --> benches/map.rs:53:26
[INFO] [stdout]    |
[INFO] [stdout] 53 |             run_one::<V, BTreeMap<_, _>>(b, *n)
[INFO] [stdout]    |                          ^^^^^^^^ not found in this scope
[INFO] [stdout]    |
[INFO] [stdout] help: consider importing one of these items
[INFO] [stdout]    |
[INFO] [stdout] 1  | use comparison_of_maps::BTreeMap;
[INFO] [stdout]    |
[INFO] [stdout] 1  | use std::collections::BTreeMap;
[INFO] [stdout]    |
[INFO] [stdout] 
[INFO] [stdout] 
[INFO] [stdout] error: aborting due to 10 previous errors
[INFO] [stdout] 
[INFO] [stdout] 
[INFO] [stdout] Some errors have detailed explanations: E0405, E0412, E0432.
[INFO] [stdout] 
[INFO] [stdout] For more information about an error, try `rustc --explain E0405`.
[INFO] [stdout] 
[INFO] [stderr] error: could not compile `comparison_of_maps`.
[INFO] [stderr] 
[INFO] [stderr] To learn more, run the command again with --verbose.
[INFO] running `Command { std: "docker" "inspect" "9fe912821c2d3b7e7ba79bfabfa491c9f6b64ec16f58b2a70e9e6300d4c51e3a", kill_on_drop: false }`
[INFO] running `Command { std: "docker" "rm" "-f" "9fe912821c2d3b7e7ba79bfabfa491c9f6b64ec16f58b2a70e9e6300d4c51e3a", kill_on_drop: false }`
[INFO] [stdout] 9fe912821c2d3b7e7ba79bfabfa491c9f6b64ec16f58b2a70e9e6300d4c51e3a
